(-3453)) prime?
True
Let q be (-1 - -3) + (2 - 3 - -2). Suppose 0 = q*v - 5*y + 2*y - 7161, 7145 = 3*v + 5*y. Suppose -730 = 5*i - v. Is i composite?
False
Suppose 2*n + 10010 = 7*n. Is n/4 + 51/(-34) a composite number?
False
Suppose 0 = 12*k - k - 55. Suppose 4*t - 3243 = -3*l, 6*t - k*t = 2*l - 2162. Is l a prime number?
False
Let z be (-17)/(2 - ((-39)/21)/(-1)). Let v be (-4)/(-14) - 327097/z. Suppose 524 - v = -5*m. Is m composite?
True
Let k = 169942 - 92525. Is k a composite number?
False
Let s be -8 + (-15)/(-20)*4. Is 3/s - (4 - 416544/40) prime?
False
Is -2 + 1 + (64160/5 - -10) composite?
False
Suppose 0 = l + 5*o - 217, -o + 2*o = 2. Suppose 4*j - l = 637. Is j composite?
False
Let i(c) = -c**3 - 29*c**2 - 38*c + 61. Let o = 237 + -265. Is i(o) prime?
False
Is (-9 - -21) + 12838/2 prime?
False
Suppose -2*j - 23919 = -x, -j = -27*x + 30*x - 71792. Is x a prime number?
True
Is (-3 - (-1 + -9))/((-5)/(-1654715) + 0) a prime number?
False
Let r(c) = -7*c - 124. Let o be r(-16). Let m(l) = 3*l**2 + 24*l. Let n be m(-10). Is (-5)/n*3 + (-6639)/o a composite number?
True
Is (-18)/3 - (-18419)/(-1)*(6 - 7) prime?
True
Let m(j) = -4*j + 8. Let i be m(2). Let v = i - -2. Suppose v*k = -2*y + 778, 0*k + 5 = -k. Is y a composite number?
True
Let j(k) = -k**3 + 12*k**2 - 8*k - 19. Let r be j(11). Suppose -8*t + r = -t. Suppose -2*z = -3*u - 1973, 5*u - 9*u + 1994 = t*z. Is z prime?
True
Suppose -2*a - 3*y = -118235, 4*a - 155*y + 157*y = 236458. Is a a composite number?
False
Let r be (24/9)/(4 - (-10)/(-3)). Let n(y) = -461*y - 1. Let d be n(-1). Suppose -r*t - d = -8568. Is t prime?
True
Is 546731 + -2 - -3 - (174 - 161) a composite number?
False
Suppose -13610 = -2*n + n. Let v = -8791 + n. Is v prime?
False
Let m be (15/3)/(68/(-6) - -13). Let f = 7 + -3. Suppose -6685 = -3*n + f*t, m*t = -2*n - t + 4470. Is n composite?
True
Let f(q) = -q**2 + 8*q - 1. Let m(r) = 8*r**2 + 21*r + 108. Let v(d) = 5*f(d) + m(d). Is v(45) composite?
False
Let t(r) = 51*r**2 + 7*r - 5. Let a be 104/(-14) - 4/7. Is t(a) a prime number?
True
Let z(l) = 5*l + 63. Let a be z(-14). Let n = -2 - a. Suppose -5*w - 4*t = -1085, n*w + 217 = 6*w + 5*t. Is w a prime number?
False
Suppose 1549*j - 1491*j = 16477991 - 1425425. Is j a composite number?
True
Suppose l = v - 69, 0 = -v - 3*v - 2*l + 252. Suppose -52*p + v*p = 42497. Is p a prime number?
False
Let l = 496449 - 215308. Is l composite?
True
Let u be (11/55)/(2/590). Suppose -u*n + 55*n + 188 = 0. Let w = n - 28. Is w composite?
False
Suppose -110*f + 15*f = -1325345. Is f prime?
False
Suppose 4*c - 5*u = 27, -c = c + 3*u + 3. Suppose c*i = 3*l - 0*l - 24684, 3*i + 8230 = l. Is l prime?
False
Let a = -79 - -82. Let q(n) = -n**2 + 7*n - 16. Let v be q(a). Is -6 - (-115)/20 - 6297/v a prime number?
False
Suppose 0*g + 4*c = 3*g - 210285, 2*g + 3*c = 140207. Is g composite?
False
Suppose -4*y - 700*i + 703*i = -860975, -14 = -2*i. Is y a prime number?
True
Suppose -44*y + 270183 = 3*d - 41*y, d - 4*y = 90091. Is d a prime number?
True
Let q(l) = 13970*l**2 - 1689*l - 6733. Is q(-4) a composite number?
False
Suppose -68336 - 41535 = 17*k. Let x = k - -14252. Is x composite?
False
Let y(a) = 84*a**3 - a**2 - 19*a + 11. Let h be y(-5). Let r = h - -23936. Is r prime?
False
Suppose 129 = -5*k - 21. Let d be k/(-24) + (-2297)/4. Let p = d + 830. Is p composite?
False
Suppose 3*b + 4*z = 1140517, 347*z + 760373 = 2*b + 344*z. Is b a composite number?
False
Let s(j) = j**2 - 12*j + 24. Let b be s(12). Let p = b + -21. Suppose -p*o = 1838 - 5471. Is o prime?
False
Let w be 8/28 - 195/21. Let l be (-264)/w*(-45)/20. Is (-1506)/l - (-4)/22 composite?
False
Let o(y) = 22*y**2 + 7*y + 2. Let n(r) = r**3 - 18*r**2 - 20*r + 14. Let g be n(19). Is o(g) composite?
True
Let m = -81517 + 120138. Suppose 0 = 3*t - 508 - m. Is t composite?
False
Let v be (78/45 - (-8)/(-6))*-25. Is (9384/(-30) - 2)/(4/v) prime?
True
Let v be 4 + (4 - 42)*-24. Let k = v + 7. Is k prime?
False
Let x(w) = w**3 + 24*w**2 - 14*w - 17. Let j(r) = r**2 - r + 28. Let n be j(7). Let v = n - 94. Is x(v) a prime number?
False
Let g = 64 + -53. Let l(r) = -28 + 80 + 38*r - 34 - 42. Is l(g) a prime number?
False
Let i(c) = -10*c - 63. Let y be i(-6). Is (2533/51)/((-1)/y) prime?
True
Let h(s) be the second derivative of 5*s**4/6 + s**3 + 25*s**2/2 - 70*s. Is h(-22) a composite number?
False
Let m be (-387)/((21/15)/1 + -2). Suppose 5*b + j + 1711 = 0, 247 = -b - 3*j - 98. Let d = b + m. Is d a composite number?
True
Let l be -5 + 10173 - (0/1 + -2). Let m = -3633 + l. Is m a prime number?
False
Let f be -3 + 16/(-20)*-5. Suppose o + f = 5. Suppose -4*g + 182 = 2*a - 132, -o*a - 5*g + 616 = 0. Is a prime?
True
Let f(o) = 851*o**2 - 3*o - 13. Is f(5) a prime number?
True
Let g(i) = i**2 + 9*i + 4. Let d be g(-4). Let c = d - -21. Suppose 0 = r + 3*m - 144 - 47, c*r = 5*m + 955. Is r a prime number?
True
Let m be 80/45 - 4/(-18). Suppose 8*h = -m*h + 10. Suppose 0 = n - 4*i - 1477, 2*i + h = -7. Is n a composite number?
True
Let w(t) = 1393*t + 32. Let g be (1135/(-1589))/((1/(-7))/1). Is w(g) prime?
True
Suppose -355788 = -5*l + 50972 + 692895. Is l composite?
False
Suppose 692 - 627 = 5*b. Suppose -c + b*l = 9*l - 4253, 0 = -3*c - 2*l + 12801. Is c a prime number?
False
Let o(q) = 2*q + 19. Let r be o(4). Let h = r - 23. Is ((-79)/2)/(-2*1/h) composite?
False
Is 117452 - (-37)/(703/38) composite?
True
Let b = 904748 - 571071. Is b prime?
False
Let c(o) = 210*o**2 + 44*o - 208. Is c(21) a composite number?
True
Suppose -53509*v + 53492*v + 20444659 = 0. Is v prime?
True
Let g be (3 + 1528862/6)*27/12. Is ((-4)/6)/(g/71667 + -8) a prime number?
True
Let g = -35652 - -50243. Is g prime?
True
Suppose -20*n - 610043 = -52*n + 25*n. Is n a prime number?
True
Let p be -4622*(9/(-2) - -4). Let k = -1535 + p. Let l = 1245 - k. Is l prime?
False
Suppose -z + 6*z + 116392 = l, 3*l - 349245 = -8*z. Is l a composite number?
True
Suppose -2*d - 13287 = 3*a - 89520, 5*a = 4*d + 127055. Let j = -16484 + a. Is j prime?
False
Suppose -119*c + 13136226 = -1986175. Is c a prime number?
True
Let g(c) = -3*c**3 + 26*c**2 + 10*c - 7. Let f be g(9). Is (-32)/(-288) - f*(-43366)/9 a prime number?
False
Suppose 140*y - 158*y + 5169438 = 0. Is y composite?
False
Let y be (2/((-66)/10021))/(3/9). Let c(t) = 1375*t**2 - 2*t + 1. Let z be c(1). Let b = z + y. Is b prime?
True
Let l = 245110 + -167813. Is l a prime number?
False
Suppose 0 = -4*n + 6*n - 28. Suppose n*j + 16*j - 51270 = 0. Is j composite?
False
Let m = -28 + 17. Let n(r) = -5*r**3 - 8*r**2 + 20*r + 34. Is n(m) composite?
False
Let x(h) = 195*h**3 + 7*h**2 - 14*h + 37. Is x(5) prime?
True
Let i(b) = 13 - 8*b + 24*b**2 - 20*b**2 + 0*b**2 - 3*b**3. Let v(t) = -2*t + 4. Let m be v(5). Is i(m) composite?
False
Let f = 585 + -612. Let n(r) = 15*r**2 - 20*r + 10. Is n(f) a prime number?
False
Let z = 66 + -57. Suppose 8*k + z = 1. Let b = k + 380. Is b composite?
False
Let k = 9 - 7. Suppose -k*h = h - 3213. Suppose 4*r + 3*v = 1445, -2*r = -5*r + 2*v + h. Is r a composite number?
False
Suppose -53*z - 64*z + 4086062 = -46651105. Is z composite?
False
Suppose -4*t + 3059849 = 3*h, 2*t + 9*h - 1529927 = 10*h. Is t prime?
False
Is 58270602/273 - 6/14 a prime number?
False
Suppose 0 = 4*p + l - 48317, 4*l - 5*l + 60396 = 5*p. Suppose -3*i + 4486 = v, -2*v - 4*i - 3109 + p = 0. Is v prime?
True
Suppose 4*v + j + 674 = 8947, 0 = -2*j + 10. Suppose f - 2*c = 678, -3*f - 4*c - c = -v. Let r = f - 338. Is r a composite number?
True
Let w(o) = 893*o**2 + o - 7. Let a be w(-2). Suppose 122*t - a = 121*t. Is t composite?
True
Let d = 105997 + -42344. Is d a prime number?
False
Let l = -265 - -422. Suppose k - 69 = -2*k. Suppose k - l = -2*c. Is c composite?
False
Let n(k) = -16*k + 22*k**2 - 8*k + 45 - 43 + 14. Is n(-7) prime?
False
Let w(h) = 1614*h**2 + 159*h - 124. Is w(11) composite?
False
Let d(r) = 26*r**2 + 12*r - 111. Let j be d(7). Let l = -748 + j. Is l a composite number?
False
Suppose -4*d - 4*v = d - 52, v = 2*d - 13. Let p(k) = -6*k**3 + 6*k**2 - 3*k + 19. Let y be p(d). Let a = y - -4236. Is a a composite number?
False
Suppose 58*b = 22671 + 5891995. Is b a composite number?
False
Suppose -3*t - 9 = 2*a + 1, -2*t = 0. Let u(w) =